hat is -2 - -523?
521
In base 10, what is 3 + 64?
67
In base 2, what is -1010000 - -1101010?
11010
In base 16, what is -3 - 248?
-24b
In base 4, what is 11 - 23?
-12
In base 14, what is 12 + -ca?
-b8
In base 9, what is 2331 - -4?
2335
In base 15, what is 4 - 184?
-180
In base 10, what is -1 + 32?
31
In base 10, what is 1 + -50?
-49
In base 4, what is 32 + 111?
203
In base 12, what is -485 + 9?
-478
In base 12, what is 32 + 4a?
80
In base 15, what is -1 - 30?
-31
In base 8, what is 302 - 5?
275
In base 13, what is 9b + -3?
98
In base 4, what is 10 + -12132?
-12122
In base 9, what is -4 - -1048?
1044
In base 13, what is 0 - 7c?
-7c
In base 7, what is 1064 + -3?
1061
In base 2, what is -10111010 + 100?
-10110110
In base 8, what is 1273 + 1?
1274
In base 8, what is 11 - 1246?
-1235
In base 9, what is 3 + -321?
-317
In base 3, what is 1111 - -1022?
2210
In base 16, what is 29 - -7?
30
In base 3, what is -1011211 + 11?
-1011200
In base 8, what is -1203 + -5?
-1210
In base 8, what is 4 + 103?
107
In base 5, what is 222 - 2024?
-1302
In base 16, what is 4b + 4?
4f
In base 13, what is 0 + -4653?
-4653
In base 10, what is 29 + 4?
33
In base 3, what is -112111 - 1?
-112112
In base 15, what is 1 + 1e2?
1e3
In base 6, what is 10 + -401?
-351
In base 10, what is -2210 + 4?
-2206
In base 9, what is 2338 + -1?
2337
In base 2, what is -11 - -1011?
1000
In base 4, what is -10 + 31?
21
In base 3, what is 11 - -2010?
2021
In base 14, what is 23 + 1b?
40
In base 7, what is 3364 - 2?
3362
In base 8, what is -4 - 77?
-103
In base 5, what is 32404 - 0?
32404
In base 14, what is -1 - 69?
-6a
In base 8, what is 1 - -127?
130
In base 9, what is -2 + -1833?
-1835
In base 6, what is -23 + 0?
-23
In base 16, what is 1c - -4b?
67
In base 14, what is -a - -760?
754
In base 5, what is 3 + -2011?
-2003
In base 13, what is -a - 184?
-191
In base 14, what is -b9 + -4?
-bd
In base 4, what is -22 - 31?
-113
In base 5, what is -14 + -13200?
-13214
In base 15, what is 8 + 53?
5b
In base 10, what is -104 - 2?
-106
In base 12, what is -9 - 5?
-12
In base 14, what is 627 - -9?
632
In base 2, what is -101 + 11?
-10
In base 9, what is 0 + 131?
131
In base 6, what is 20422 - -1?
20423
In base 2, what is 110 - 110010?
-101100
In base 15, what is -9 + 28?
1e
In base 8, what is 124 - 1?
123
In base 10, what is -102 - 43?
-145
In base 3, what is 12 + -10?
2
In base 2, what is -1010110000000 + -10?
-1010110000010
In base 6, what is 2510 - -14?
2524
In base 10, what is -4 - 2064?
-2068
In base 16, what is -2371 - 5?
-2376
In base 9, what is 1 - -63?
64
In base 8, what is 15 - -74?
111
In base 8, what is -3 + 126?
123
In base 6, what is 5 - 20?
-11
In base 7, what is -2 - -256?
254
In base 14, what is 3 + -101?
-dc
In base 9, what is 17 - 12?
5
In base 15, what is -d99 - 1?
-d9a
In base 14, what is -5 + 9?
4
In base 2, what is -10 - -1100101111?
1100101101
In base 2, what is -110 + 100000011?
11111101
In base 13, what is 209 + -2?
207
In base 14, what is 1a - -16?
32
In base 12, what is -5 - -701?
6b8
In base 14, what is 2 - 775?
-773
In base 13, what is -5a2 + 5?
-59a
In base 11, what is 12928 + 1?
12929
In base 11, what is 5 - 45?
-40
In base 8, what is 27 + -5?
22
In base 15, what is 897 - 0?
897
In base 15, what is -31 + d?
-23
In base 13, what is -49 - -20?
-29
In base 10, what is 2 - -1647?
1649
In base 4, what is -320 - 12?
-332
In base 2, what is 1110111 + 1110?
10000101
In base 16, what is -182 + 4?
-17e
In base 9, what is 1 - 132?
-131
In base 16, what is -f78 + 0?
-f78
In base 6, what is -11 - -12?
1
In base 12, what is -7 - -48?
41
In base 12, what is 0 - 10b?
-10b
In base 13, what is -5b7 + 5?
-5b2
In base 7, what is 234 - -1?
235
In base 13, what is -4b - 1?
-4c
In base 13, what is 2 + c6?
c8
In base 8, what is 12 + 35?
47
In base 15, what is -5 + d?
8
In base 10, what is -152 + 12?
-140
In base 4, what is -11 - 31003?
-31020
In base 7, what is 223 - 30?
163
In base 11, what is 83 - -5?
88
In base 7, what is 1 + -135?
-134
In base 5, what is -3 + 32130?
32122
In base 7, what is -334 - 220?
-554
In base 4, what is 3 - -3120?
3123
In base 13, what is 34 + 22?
56
In base 3, what is -201 + 111?
-20
In base 9, what is 5 + -614?
-608
In base 4, what is -110 - 1110?
-1220
In base 16, what is 0 - -88?
88
In base 6, what is 240 - -5?
245
In base 16, what is 3e - -e?
4c
In base 10, what is -1004 + 2?
-1002
In base 15, what is 5 + 8?
d
In base 4, what is -220 + -1031?
-1311
In base 4, what is 10 + 301?
311
In base 2, what is 0 + -110010110011?
-110010110011
In base 12, what is -29 + 3?
-26
In base 8, what is -1 - 332?
-333
In base 12, what is 499 - -5?
4a2
In base 15, what is 1dec - 3?
1de9
In base 4, what is 1121 + 33?
1220
In base 7, what is 125 + 1066?
1224
In base 16, what is 8a + 1?
8b
In base 15, what is -201 + c?
-1e4
In base 14, what is -1 + 1c?
1b
In base 5, what is -143 + 3?
-140
In base 6, what is 12 - 15?
-3
In base 14, what is 4 + -183?
-17d
In base 10, what is 47 + -10?
37
In base 2, what is 1110 - 1111110?
-1110000
In base 11, what is 149 + -3a?
10a
In base 10, what is -9 - 197?
-206
In base 6, what is -1 + -550?
-551
In base 16, what is 24 + 3?
27
In base 10, what is 0 - 86?
-86
In base 15, what is -488 - 4?
-48c
In base 5, what is -4410 - 3?
-4413
In base 2, what is -100100 - -1?
-100011
In base 12, what is 131 + 22?
153
In base 11, what is 6 - 49?
-43
In base 12, what is 4 - -146?
14a
In base 10, what is 9 + 9?
18
In base 12, what is -1404 + 0?
-1404
In base 10, what is -8 + -30?
-38
In base 16, what is -9 - 5e?
-67
In base 4, what is -22 - 11?
-33
In base 7, what is -1133 + -3?
-1136
In base 10, what is 173 + 1?
174
In base 3, what is 220202 + -21?
220111
In base 4, what is -2 + 113?
111
In base 10, what is 253 - 11?
242
In base 7, what is -4 + 224?
220
In base 12, what is 3a6 - -7?
3b1
In base 11, what is 127 + 5?
131
In base 6, what is 3 + -205?
-202
In base 14, what is 21 + -7?
18
In base 13, what is -3 - 42?
-45
In base 14, what is 5 + -45?
-40
In base 4, what is 0 + 32?
32
In base 11, what is 23 - -a?
32
In base 13, what is -10c50 + -1?
-10c51
In base 14, what is 3 + 10c?
111
In base 9, what is 3 - -2154?
2157
In base 10, what is -2 - 8?
-10
In base 15, what is 3825 + 1?
3826
In base 12, what is -4 + -159?
-161
In base 7, what is -5 + -400?
-405
In base 11, what is 2 - -1353?
1355
In base 12, what is -47 - 3?
-4a
In base 15, what is 0 + -2da?
-2da
In base 12, what is -228 + 21?
-207
In base 2, what is -101 - -11?
-10
In base 12, what is -4 + -b0?
-b4
In base 14, what is -5 + 34?
2d
In base 5, what is 10 + -102?
-42
In base 13, what is -26 + -3?
-29
In base 3, what is -121 - -1?
-120
In base 7, what is 14 - -1041?
1055
In base 2, what is 101 + -1110000?
-1101011
In base 16, what is -52 + -5f?
-b1
In base 11, what is -33 - 3?
-36
In base 8, what is -4 - 166?
-172
In base 6, what is 4 - -25?
33
In base 11, what is 6 + 38?
43
In base 14, what is -19 - -7c?
63
In base 13, what is -82 - -1?
-81
In base 3, what is 1 - -12121?
12122
In base 13, what is 6 - 7a?
-74
In base 14, what is 5 - -c2?
c7
In base 10, what is -5 - 263?
-268
In base 14, what is 3 + -d2c?
-d29
In base 7, what is 15 + -2?
13
In base 10, what is -40 - -21?
-19
In base 15, what is 29 - -3d?
67
In base 13, what is -4 - 393?
-397
In base 12, what is -1ba9 + 5?
-1ba4
In base 4, what is -211 - 1?
-212
In base 5, what is 14 + -233?
-214
In base 8, what is 5 + -343?
-336
In base 6, what is 0 + 2353?
2353
In base 12, what is 2 - -37?
39
In base 14, what is -2 - 40?
-42
In base 10, what is -7927 - -4?
-7923
In base 6, what is -2 - -213?
211
In base 4, what is -100113 - 122?
-100301
In base 2, what is -101 + 110111010?
110110101
In base 5, what is -1132 - 4?
-1141
In base 13, what is -10 + -7?
-17
In base 15, what is 6 + -9a?
-94
In base 8, what is -2 + -203?
-205
In base 2, what is -101000 + 101100111?
100111111
In base 12, what is -a + 2?
-8
In base 4, what is -11 + -111?
-122
In base 13, what is 6 - -13?
19
In base 10, what is -16 - -134?
118
In base 2, what is -101010000 + 100?
-101001100
In base 10, what is -936 - 5?
-941
In base 8, what is 4 - -10?
14
In base 4, what is 22 + 133?
221
In base 3, what is 0 - -22110?
22110
In base 6, what is -313 - 14?
-331
In base 9, what is 17 - 5?
12
In base 5, what is 0 + 